{"id":744,"date":"2025-09-26T18:45:22","date_gmt":"2025-09-26T16:45:22","guid":{"rendered":"https:\/\/smogensolhall.se\/?post_type=event&#038;p=744"},"modified":"2025-09-26T18:45:25","modified_gmt":"2025-09-26T16:45:25","slug":"oktoberfest","status":"publish","type":"event","link":"https:\/\/smogensolhall.se\/de\/handelse\/oktoberfest\/","title":{"rendered":"Oktoberfest"},"content":{"rendered":"<p>O'zapft is! JUBELN!<\/p>\n\n\n\n<p>Das Oktoberfest beginnt am Donnerstag, 25.9. um 16 Uhr bei uns in der Bierhalle. Wir haben geladen mit viel Bier, W\u00fcrstchen, Brezeln, Sauerkraut, K\u00e4se und eine echte Oktoberfest-Atmosph\u00e4re!<\/p>\n\n\n\n<p>Kaufen Sie Ihren Sejdel f\u00fcr 199:- (inkl. einem Fassbier Ihrer Wahl) und nutzen Sie dann die Oktoberfestangebote an der Bar. Die Sardine (ein echter Bamberger aus dem deutschen Rastal) d\u00fcrfen Sie behalten. Die ersten 30 Exemplare sind auch mit Gravur limitiert; Sm\u00f6genbryggar'n 2025.<\/p>\n\n\n\n<p>Lederhosen, Dirndln und Tirolerh\u00fcte sind erw\u00fcnscht und werden an allen Tagen pr\u00e4miert!<\/p>\n\n\n\n<p>HINWEIS! Begrenzte Speisekarte mit Schwerpunkt auf Oktoberfest \"Snacks\". \ud83e\uddc0\ud83c\udf2d\ud83e\udd68Hoffe, Sie zu sehen, das wird Wahnsinn deluxe sein...<\/p>\n\n\n\n<p>\ud83d\udd1eDieses Wochenende gilt eine Altersgrenze von 18 Jahren\ud83d\udd1e<\/p>\n\n\n\n<figure class=\"wp-block-image size-full\"><img fetchpriority=\"high\" decoding=\"async\" width=\"1920\" height=\"1080\" src=\"https:\/\/smogensolhall.se\/wp-content\/uploads\/2025\/09\/Blue-White-Festive-Traditional-Oktoberfest-Pattern-Facebook-Event-Cover_20250926_180853_0000.png\" alt=\"Blue white festive traditional oktoberfest pattern facebook event cover 20250926 180853 0000\" class=\"wp-image-745\" srcset=\"https:\/\/smogensolhall.se\/wp-content\/uploads\/2025\/09\/Blue-White-Festive-Traditional-Oktoberfest-Pattern-Facebook-Event-Cover_20250926_180853_0000.png 1920w, https:\/\/smogensolhall.se\/wp-content\/uploads\/2025\/09\/Blue-White-Festive-Traditional-Oktoberfest-Pattern-Facebook-Event-Cover_20250926_180853_0000-300x169.png 300w, https:\/\/smogensolhall.se\/wp-content\/uploads\/2025\/09\/Blue-White-Festive-Traditional-Oktoberfest-Pattern-Facebook-Event-Cover_20250926_180853_0000-1024x576.png 1024w, https:\/\/smogensolhall.se\/wp-content\/uploads\/2025\/09\/Blue-White-Festive-Traditional-Oktoberfest-Pattern-Facebook-Event-Cover_20250926_180853_0000-768x432.png 768w, https:\/\/smogensolhall.se\/wp-content\/uploads\/2025\/09\/Blue-White-Festive-Traditional-Oktoberfest-Pattern-Facebook-Event-Cover_20250926_180853_0000-1536x864.png 1536w, https:\/\/smogensolhall.se\/wp-content\/uploads\/2025\/09\/Blue-White-Festive-Traditional-Oktoberfest-Pattern-Facebook-Event-Cover_20250926_180853_0000-18x10.png 18w\" sizes=\"(max-width: 1920px) 100vw, 1920px\" \/><\/figure>","protected":false},"featured_media":0,"template":"","class_list":["post-744","event","type-event","status-publish","hentry"],"_links":{"self":[{"href":"https:\/\/smogensolhall.se\/de\/wp-json\/wp\/v2\/event\/744","targetHints":{"allow":["GET"]}}],"collection":[{"href":"https:\/\/smogensolhall.se\/de\/wp-json\/wp\/v2\/event"}],"about":[{"href":"https:\/\/smogensolhall.se\/de\/wp-json\/wp\/v2\/types\/event"}],"wp:attachment":[{"href":"https:\/\/smogensolhall.se\/de\/wp-json\/wp\/v2\/media?parent=744"}],"curies":[{"name":"wp","href":"https:\/\/api.w.org\/{rel}","templated":true}]}}

<p>O'zapft is! JUBELN!</p>



<p>Das Oktoberfest beginnt am Donnerstag, 25.9. um 16 Uhr bei uns in der Bierhalle. Wir haben geladen mit viel Bier, Würstchen, Brezeln, Sauerkraut, Käse und eine echte Oktoberfest-Atmosphäre!</p>



<p>Kaufen Sie Ihren Sejdel für 199:- (inkl. einem Fassbier Ihrer Wahl) und nutzen Sie dann die Oktoberfestangebote an der Bar. Die Sardine (ein echter Bamberger aus dem deutschen Rastal) dürfen Sie behalten. Die ersten 30 Exemplare sind auch mit Gravur limitiert; Smögenbryggar'n 2025.</p>



<p>Lederhosen, Dirndln und Tirolerhüte sind erwünscht und werden an allen Tagen prämiert!</p>



<p>HINWEIS! Begrenzte Speisekarte mit Schwerpunkt auf Oktoberfest "Snacks". 🧀🌭🥨Hoffe, Sie zu sehen, das wird Wahnsinn deluxe sein...</p>



<p>🔞Dieses Wochenende gilt eine Altersgrenze von 18 Jahren🔞</p>



<figure class="wp-block-image size-full"><img fetchpriority="high" decoding="async" width="1920" height="1080" src="https://smogensolhall.se/wp-content/uploads/2025/09/Blue-White-Festive-Traditional-Oktoberfest-Pattern-Facebook-Event-Cover_20250926_180853_0000.png" alt="Blue white festive traditional oktoberfest pattern facebook event cover 20250926 180853 0000" class="wp-image-745" srcset="https://smogensolhall.se/wp-content/uploads/2025/09/Blue-White-Festive-Traditional-Oktoberfest-Pattern-Facebook-Event-Cover_20250926_180853_0000.png 1920w, https://smogensolhall.se/wp-content/uploads/2025/09/Blue-White-Festive-Traditional-Oktoberfest-Pattern-Facebook-Event-Cover_20250926_180853_0000-300x169.png 300w, https://smogensolhall.se/wp-content/uploads/2025/09/Blue-White-Festive-Traditional-Oktoberfest-Pattern-Facebook-Event-Cover_20250926_180853_0000-1024x576.png 1024w, https://smogensolhall.se/wp-content/uploads/2025/09/Blue-White-Festive-Traditional-Oktoberfest-Pattern-Facebook-Event-Cover_20250926_180853_0000-768x432.png 768w, https://smogensolhall.se/wp-content/uploads/2025/09/Blue-White-Festive-Traditional-Oktoberfest-Pattern-Facebook-Event-Cover_20250926_180853_0000-1536x864.png 1536w, https://smogensolhall.se/wp-content/uploads/2025/09/Blue-White-Festive-Traditional-Oktoberfest-Pattern-Facebook-Event-Cover_20250926_180853_0000-18x10.png 18w" sizes="(max-width: 1920px) 100vw, 1920px" /></figure>
